{"id":2892,"date":"2025-02-14T18:04:14","date_gmt":"2025-02-14T21:04:14","guid":{"rendered":"https:\/\/noronhaadv.com.br\/site\/?page_id=2892"},"modified":"2025-02-20T10:27:07","modified_gmt":"2025-02-20T13:27:07","slug":"blog","status":"publish","type":"page","link":"https:\/\/noronhaadv.com.br\/site\/blog\/","title":{"rendered":"Blog"},"content":{"rendered":"\t\t<div data-elementor-type=\"wp-page\" data-elementor-id=\"2892\" class=\"elementor elementor-2892\" data-elementor-settings=\"{&quot;ha_cmc_init_switcher&quot;:&quot;no&quot;}\" data-elementor-post-type=\"page\">\n\t\t\t\t<div data-particle_enable=\"false\" data-particle-mobile-disabled=\"false\" class=\"elementor-element elementor-element-5c54c3b e-flex e-con-boxed e-con e-parent\" data-id=\"5c54c3b\" data-element_type=\"container\" data-settings=\"{&quot;background_background&quot;:&quot;classic&quot;,&quot;shape_divider_bottom&quot;:&quot;tilt&quot;,&quot;_ha_eqh_enable&quot;:false,&quot;ekit_has_onepagescroll_dot&quot;:&quot;yes&quot;}\">\n\t\t\t\t\t<div class=\"e-con-inner\">\n\t\t\t\t<div class=\"elementor-shape elementor-shape-bottom\" aria-hidden=\"true\" data-negative=\"false\">\n\t\t\t<svg xmlns=\"http:\/\/www.w3.org\/2000\/svg\" viewBox=\"0 0 1000 100\" preserveAspectRatio=\"none\">\n\t<path class=\"elementor-shape-fill\" d=\"M0,6V0h1000v100L0,6z\"\/>\n<\/svg>\t\t<\/div>\n\t\t<div data-particle_enable=\"false\" data-particle-mobile-disabled=\"false\" class=\"elementor-element elementor-element-ca77040 e-con-full e-flex e-con e-child\" data-id=\"ca77040\" data-element_type=\"container\" data-settings=\"{&quot;_ha_eqh_enable&quot;:false,&quot;ekit_has_onepagescroll_dot&quot;:&quot;yes&quot;}\">\n\t\t\t\t<div class=\"elementor-element elementor-element-25cd657 elementor-widget elementor-widget-heading\" data-id=\"25cd657\" data-element_type=\"widget\" data-settings=\"{&quot;ekit_we_effect_on&quot;:&quot;none&quot;}\" data-widget_type=\"heading.default\">\n\t\t\t\t<div class=\"elementor-widget-container\">\n\t\t\t\t\t<h2 class=\"elementor-heading-title elementor-size-default\">Blog<\/h2>\t\t\t\t<\/div>\n\t\t\t\t<\/div>\n\t\t\t\t<\/div>\n\t\t\t\t\t<\/div>\n\t\t\t\t<\/div>\n\t\t<div data-particle_enable=\"false\" data-particle-mobile-disabled=\"false\" class=\"elementor-element elementor-element-1ea6414 e-flex e-con-boxed e-con e-parent\" data-id=\"1ea6414\" data-element_type=\"container\" data-settings=\"{&quot;background_background&quot;:&quot;classic&quot;,&quot;_ha_eqh_enable&quot;:false,&quot;ekit_has_onepagescroll_dot&quot;:&quot;yes&quot;}\">\n\t\t\t\t\t<div class=\"e-con-inner\">\n\t\t<div data-particle_enable=\"false\" data-particle-mobile-disabled=\"false\" class=\"elementor-element elementor-element-d0d66d5 e-con-full e-flex e-con e-child\" data-id=\"d0d66d5\" data-element_type=\"container\" data-settings=\"{&quot;_ha_eqh_enable&quot;:false,&quot;ekit_has_onepagescroll_dot&quot;:&quot;yes&quot;}\">\n\t\t<div data-particle_enable=\"false\" data-particle-mobile-disabled=\"false\" class=\"elementor-element elementor-element-11bdf65 e-con-full e-flex e-con e-child\" data-id=\"11bdf65\" data-element_type=\"container\" data-settings=\"{&quot;background_background&quot;:&quot;classic&quot;,&quot;sticky&quot;:&quot;top&quot;,&quot;sticky_on&quot;:[&quot;desktop&quot;,&quot;tablet&quot;],&quot;sticky_parent&quot;:&quot;yes&quot;,&quot;_ha_eqh_enable&quot;:false,&quot;ekit_has_onepagescroll_dot&quot;:&quot;yes&quot;,&quot;sticky_offset&quot;:0,&quot;sticky_effects_offset&quot;:0,&quot;sticky_anchor_link_offset&quot;:0}\">\n\t\t\t\t<div class=\"elementor-element elementor-element-8bb9a1e elementor-widget elementor-widget-eael-advanced-search\" data-id=\"8bb9a1e\" data-element_type=\"widget\" data-settings=\"{&quot;ekit_we_effect_on&quot;:&quot;none&quot;}\" data-widget_type=\"eael-advanced-search.default\">\n\t\t\t\t<div class=\"elementor-widget-container\">\n\t\t\t\t\t        <div class=\"eael-adv-search-wrapper\">\n            <div id=\"eael-advanced-search-widget-8bb9a1e\" class=\"eael-advanced-search-widget\">\n                <form data-settings=\"{&quot;post_per_page&quot;:&quot;5&quot;,&quot;search_among_taxonomies&quot;:&quot;no&quot;,&quot;show_popular_keyword&quot;:1,&quot;show_category&quot;:0,&quot;show_content_image&quot;:1,&quot;show_search_result_all_results&quot;:1,&quot;result_on_new_tab&quot;:&quot;no&quot;,&quot;show_product_price&quot;:&quot;no&quot;,&quot;current_post_id&quot;:2892,&quot;show_popular_keyword_rank&quot;:5,&quot;show_popular_keyword_rank_length&quot;:4,&quot;total_number_of_popular_search&quot;:5,&quot;post_type&quot;:[&quot;post&quot;]}\" method=\"POST\" name=\"eael-advanced-search-form-8bb9a1e\" class=\"eael-advanced-search-form eael-advanced-search-form-style-1\">\n                    <div class=\"eael-advanced-search-wrap\">\n                        <span class=\"eael-adv-search-loader\"><\/span>\n                        <span class=\"eael-adv-search-close\"><i class=\"fas fa-times\"><\/i><\/span>\n                        <span class=\"icon \"><i class=\"fas fa-search\"><\/i><\/span>\n\n                        <input type=\"text\"\n                               placeholder=\"Pesquise por uma palavra-chave\"\n                               class=\"eael-advanced-search\" autocomplete=\"off\" name=\"eael_advanced_search\">\n                    <\/div>\n\t\t\t\t\t                                            <button class=\"eael-advanced-search-button\">Buscar<\/button>\n                                    <\/form>\n\n\t\t\t\t\t\t\t\t\n\t\t\t\t        <div class=\"eael-advanced-search-result\">\n            <div class=\"eael-advanced-search-popular-keyword\">\n\t\t\t\t<h4 class=\"eael-advanced-search-popular-keyword-text\">Palavras-chave mais usadas<\/h4>                <div class=\"eael-popular-keyword-content\"><\/div>\n            <\/div>\n            <div class=\"eael-advanced-search-category\">\n\t\t\t\t<h4 class=\"eael-advanced-search-category-text\">Categorias<\/h4>                <div class=\"eael-popular-category-content\"><\/div>\n            <\/div>\n\t\t\t<div class=\"eael-advanced-search-total-results-section\">\n\t\t\t\t\t\t\t\t<p class=\"eael-advanced-search-total-results-wrap\">\n\t\t\t\t\tTotal <span class=\"eael-advanced-search-total-results-count\"><\/span> Results\t\t\t\t<\/p>\n\t\t\t\t\t\t\t<\/div>\n            <div class=\"eael-advanced-search-content eael-item-style-1\">\n            <\/div>\n            <div class=\"eael-advanced-search-not-found\">\n                <p>N\u00e3o encontrado<\/p><\/div>\n            <div class=\"eael-advanced-search-load-more\">\n\t\t\t\t<a \tclass=\"eael-advanced-search-load-more-button\"\n                \thref=\"#\">Ver resultados<\/a>\n            <\/div>\n        <\/div>\n\n\t\t <!-- Already escaped -->\n            <\/div>\n        <\/div>\n\n\t\t\t\t\t\t<\/div>\n\t\t\t\t<\/div>\n\t\t\t\t<\/div>\n\t\t\t\t<div class=\"elementor-element elementor-element-0e5f86b elementor-widget elementor-widget-elementskit-blog-posts\" data-id=\"0e5f86b\" data-element_type=\"widget\" data-settings=\"{&quot;ekit_we_effect_on&quot;:&quot;none&quot;}\" data-widget_type=\"elementskit-blog-posts.default\">\n\t\t\t\t<div class=\"elementor-widget-container\">\n\t\t\t\t\t<div class=\"ekit-wid-con\" >\n        <div id=\"post-items--0e5f86b\" class=\"row post-items ekit-blog-posts-content wihout-masonry \" data-enable=\"no\">\n\n\t\t\t<!-- Blog Carousel markup render -->\n\t\t\t\n\n            <div class=\"col-md-12\">\n\n                                    <div class=\"elementskit-blog-block-post\">\n                        <div class=\"row no-gutters\">\n                                                            <div class=\"col-md-6 order-1\">\n                                    <a href=\"https:\/\/noronhaadv.com.br\/site\/impacto-das-reclamacoes-constitucionais-trabalhistas-perante-o-stf\/\" class=\"elementskit-entry-thumb\">\n                                        <img decoding=\"async\" src=\"https:\/\/noronhaadv.com.br\/site\/wp-content\/uploads\/2025\/02\/reclamacao-constitucional-trabalhista.avif\" alt=\"Impacto das reclama\u00e7\u00f5es constitucionais trabalhistas perante o STF\u00a0\u00a0\">\n                                    <\/a><!-- .elementskit-entry-thumb END -->\n                                <\/div>\n                            \n                            <div class=\"col-md-6 order-2\">\n                                <div class=\"elementskit-post-body \">\n                                    <div class=\"elementskit-entry-header\">\n                                        \n                                                                                                                            <div class=\"post-meta-list\">\n                                                                                                <span class=\"meta-date\">\n\n                                <i aria-hidden=\"true\" class=\"huge huge-calendar-03\"><\/i>\n                                <span class=\"meta-date-text\">\n                                    11 fev, 2025                                <\/span>\n                            <\/span>\n                                                                                                            <\/div>\n                                                                            \n                                            \n                                            \t\t\t\t\t\t\t\t\t\t\t\t                <h2 class=\"entry-title\">\n                    <a href=\"https:\/\/noronhaadv.com.br\/site\/impacto-das-reclamacoes-constitucionais-trabalhistas-perante-o-stf\/\">\n                            Impacto das reclama\u00e7\u00f5es constitucionais trabalhistas perante o STF\u00a0\u00a0                    <\/a>\n                <\/h2>\n                                                                                                <\/div><!-- .elementskit-entry-header END -->\n\n                                                                    <\/div><!-- .elementskit-post-body END -->\n                            <\/div>\n                        <\/div>\n                    <\/div><!-- .elementskit-blog-block-post .radius .gradient-bg END -->\n                \n            <\/div>\t\t\t\t\n\n            <div class=\"col-md-12\">\n\n                                    <div class=\"elementskit-blog-block-post\">\n                        <div class=\"row no-gutters\">\n                                                            <div class=\"col-md-6 order-1\">\n                                    <a href=\"https:\/\/noronhaadv.com.br\/site\/tristeza-pos-ferias-como-lidar-com-a-ansiedade-e-recuperar-a-motivacao-no-trabalho\/\" class=\"elementskit-entry-thumb\">\n                                        <img decoding=\"async\" src=\"https:\/\/noronhaadv.com.br\/site\/wp-content\/uploads\/2025\/02\/tristeza-pos-ferias.jpg\" alt=\"Tristeza p\u00f3s-f\u00e9rias: como lidar com a ansiedade e recuperar a motiva\u00e7\u00e3o no trabalho\">\n                                    <\/a><!-- .elementskit-entry-thumb END -->\n                                <\/div>\n                            \n                            <div class=\"col-md-6 order-2\">\n                                <div class=\"elementskit-post-body \">\n                                    <div class=\"elementskit-entry-header\">\n                                        \n                                                                                                                            <div class=\"post-meta-list\">\n                                                                                                <span class=\"meta-date\">\n\n                                <i aria-hidden=\"true\" class=\"huge huge-calendar-03\"><\/i>\n                                <span class=\"meta-date-text\">\n                                    7 fev, 2025                                <\/span>\n                            <\/span>\n                                                                                                            <\/div>\n                                                                            \n                                            \n                                            \t\t\t\t\t\t\t\t\t\t\t\t                <h2 class=\"entry-title\">\n                    <a href=\"https:\/\/noronhaadv.com.br\/site\/tristeza-pos-ferias-como-lidar-com-a-ansiedade-e-recuperar-a-motivacao-no-trabalho\/\">\n                            Tristeza p\u00f3s-f\u00e9rias: como lidar com a ansiedade e recuperar a motiva\u00e7\u00e3o no trabalho                    <\/a>\n                <\/h2>\n                                                                                                <\/div><!-- .elementskit-entry-header END -->\n\n                                                                    <\/div><!-- .elementskit-post-body END -->\n                            <\/div>\n                        <\/div>\n                    <\/div><!-- .elementskit-blog-block-post .radius .gradient-bg END -->\n                \n            <\/div>\t\t\t\t\n\n            <div class=\"col-md-12\">\n\n                                    <div class=\"elementskit-blog-block-post\">\n                        <div class=\"row no-gutters\">\n                                                            <div class=\"col-md-6 order-1\">\n                                    <a href=\"https:\/\/noronhaadv.com.br\/site\/voce-sabia-que-a-sua-empresa-pode-alterar-o-dia-do-feriado\/\" class=\"elementskit-entry-thumb\">\n                                        <img decoding=\"async\" src=\"https:\/\/noronhaadv.com.br\/site\/wp-content\/uploads\/2025\/02\/troca-do-dia-do-feriado.jpg\" alt=\"Voc\u00ea sabia que a sua empresa pode alterar o dia do feriado?\">\n                                    <\/a><!-- .elementskit-entry-thumb END -->\n                                <\/div>\n                            \n                            <div class=\"col-md-6 order-2\">\n                                <div class=\"elementskit-post-body \">\n                                    <div class=\"elementskit-entry-header\">\n                                        \n                                                                                                                            <div class=\"post-meta-list\">\n                                                                                                <span class=\"meta-date\">\n\n                                <i aria-hidden=\"true\" class=\"huge huge-calendar-03\"><\/i>\n                                <span class=\"meta-date-text\">\n                                    4 fev, 2025                                <\/span>\n                            <\/span>\n                                                                                                            <\/div>\n                                                                            \n                                            \n                                            \t\t\t\t\t\t\t\t\t\t\t\t                <h2 class=\"entry-title\">\n                    <a href=\"https:\/\/noronhaadv.com.br\/site\/voce-sabia-que-a-sua-empresa-pode-alterar-o-dia-do-feriado\/\">\n                            Voc\u00ea sabia que a sua empresa pode alterar o dia do feriado?                    <\/a>\n                <\/h2>\n                                                                                                <\/div><!-- .elementskit-entry-header END -->\n\n                                                                    <\/div><!-- .elementskit-post-body END -->\n                            <\/div>\n                        <\/div>\n                    <\/div><!-- .elementskit-blog-block-post .radius .gradient-bg END -->\n                \n            <\/div>\t\t\t\t        <\/div>\n        \n        \n                    <div \n            data-ekit-blog-post-style=\"simple\"\n            class=\"ekit-blog-post-pagination-container ekit-blog-post-pagination-style-simple\" \n            id=\"post-nagivation--0e5f86b\">\n                            <\/div>\n\n            <\/div>\t\t\t\t<\/div>\n\t\t\t\t<\/div>\n\t\t\t\t<\/div>\n\t\t\t\t\t<\/div>\n\t\t\t\t<\/div>\n\t\t\t\t<\/div>\n\t\t","protected":false},"excerpt":{"rendered":"<p>Blog Buscar Palavras-chave mais usadas Categorias Total Results N\u00e3o encontrado Ver resultados 11 fev, 2025 Impacto das reclama\u00e7\u00f5es constitucionais trabalhistas perante o STF\u00a0\u00a0 7 fev, 2025 Tristeza p\u00f3s-f\u00e9rias: como lidar com a ansiedade e recuperar a motiva\u00e7\u00e3o no trabalho 4 fev, 2025 Voc\u00ea sabia que a sua empresa pode alterar o dia do feriado?<\/p>\n","protected":false},"author":1,"featured_media":0,"parent":0,"menu_order":0,"comment_status":"closed","ping_status":"closed","template":"elementor_canvas","meta":{"footnotes":""},"class_list":["post-2892","page","type-page","status-publish","hentry"],"yoast_head":"<!-- This site is optimized with the Yoast SEO plugin v24.4 - https:\/\/yoast.com\/wordpress\/plugins\/seo\/ -->\n<title>Blog - Noronha e Nogueira Advogados<\/title>\n<meta name=\"robots\" content=\"index, follow, max-snippet:-1, max-image-preview:large, max-video-preview:-1\" \/>\n<link rel=\"canonical\" href=\"https:\/\/noronhaadv.com.br\/site\/blog\/\" \/>\n<meta property=\"og:locale\" content=\"pt_BR\" \/>\n<meta property=\"og:type\" content=\"article\" \/>\n<meta property=\"og:title\" content=\"Blog - Noronha e Nogueira Advogados\" \/>\n<meta property=\"og:description\" content=\"Blog Buscar Palavras-chave mais usadas Categorias Total Results N\u00e3o encontrado Ver resultados 11 fev, 2025 Impacto das reclama\u00e7\u00f5es constitucionais trabalhistas perante o STF\u00a0\u00a0 7 fev, 2025 Tristeza p\u00f3s-f\u00e9rias: como lidar com a ansiedade e recuperar a motiva\u00e7\u00e3o no trabalho 4 fev, 2025 Voc\u00ea sabia que a sua empresa pode alterar o dia do feriado?\" \/>\n<meta property=\"og:url\" content=\"https:\/\/noronhaadv.com.br\/site\/blog\/\" \/>\n<meta property=\"og:site_name\" content=\"Noronha e Nogueira Advogados\" \/>\n<meta property=\"article:modified_time\" content=\"2025-02-20T13:27:07+00:00\" \/>\n<meta property=\"og:image\" content=\"https:\/\/noronhaadv.com.br\/site\/wp-content\/uploads\/2025\/02\/reclamacao-constitucional-trabalhista.avif\" \/>\n<meta name=\"twitter:card\" content=\"summary_large_image\" \/>\n<meta name=\"twitter:label1\" content=\"Est. tempo de leitura\" \/>\n\t<meta name=\"twitter:data1\" content=\"3 minutos\" \/>\n<script type=\"application\/ld+json\" class=\"yoast-schema-graph\">{\"@context\":\"https:\/\/schema.org\",\"@graph\":[{\"@type\":\"WebPage\",\"@id\":\"https:\/\/noronhaadv.com.br\/site\/blog\/\",\"url\":\"https:\/\/noronhaadv.com.br\/site\/blog\/\",\"name\":\"Blog - Noronha e Nogueira Advogados\",\"isPartOf\":{\"@id\":\"https:\/\/noronhaadv.com.br\/site\/#website\"},\"primaryImageOfPage\":{\"@id\":\"https:\/\/noronhaadv.com.br\/site\/blog\/#primaryimage\"},\"image\":{\"@id\":\"https:\/\/noronhaadv.com.br\/site\/blog\/#primaryimage\"},\"thumbnailUrl\":\"https:\/\/noronhaadv.com.br\/site\/wp-content\/uploads\/2025\/02\/reclamacao-constitucional-trabalhista.avif\",\"datePublished\":\"2025-02-14T21:04:14+00:00\",\"dateModified\":\"2025-02-20T13:27:07+00:00\",\"breadcrumb\":{\"@id\":\"https:\/\/noronhaadv.com.br\/site\/blog\/#breadcrumb\"},\"inLanguage\":\"pt-BR\",\"potentialAction\":[{\"@type\":\"ReadAction\",\"target\":[\"https:\/\/noronhaadv.com.br\/site\/blog\/\"]}]},{\"@type\":\"ImageObject\",\"inLanguage\":\"pt-BR\",\"@id\":\"https:\/\/noronhaadv.com.br\/site\/blog\/#primaryimage\",\"url\":\"https:\/\/noronhaadv.com.br\/site\/wp-content\/uploads\/2025\/02\/reclamacao-constitucional-trabalhista.avif\",\"contentUrl\":\"https:\/\/noronhaadv.com.br\/site\/wp-content\/uploads\/2025\/02\/reclamacao-constitucional-trabalhista.avif\",\"width\":740,\"height\":493,\"caption\":\"reclama\u00e7\u00e3o constitucional, reclama\u00e7\u00e3o constitucional trabalhista, assessoria jur\u00eddica trabalhista, Noronha e Nogueira Advogado Trabalhista Empresarial\"},{\"@type\":\"BreadcrumbList\",\"@id\":\"https:\/\/noronhaadv.com.br\/site\/blog\/#breadcrumb\",\"itemListElement\":[{\"@type\":\"ListItem\",\"position\":1,\"name\":\"Home\",\"item\":\"https:\/\/noronhaadv.com.br\/site\/\"},{\"@type\":\"ListItem\",\"position\":2,\"name\":\"Blog\"}]},{\"@type\":\"WebSite\",\"@id\":\"https:\/\/noronhaadv.com.br\/site\/#website\",\"url\":\"https:\/\/noronhaadv.com.br\/site\/\",\"name\":\"Noronha e Nogueira Advogados\",\"description\":\"Advocacia Empresarial Trabalhista\",\"publisher\":{\"@id\":\"https:\/\/noronhaadv.com.br\/site\/#organization\"},\"potentialAction\":[{\"@type\":\"SearchAction\",\"target\":{\"@type\":\"EntryPoint\",\"urlTemplate\":\"https:\/\/noronhaadv.com.br\/site\/?s={search_term_string}\"},\"query-input\":{\"@type\":\"PropertyValueSpecification\",\"valueRequired\":true,\"valueName\":\"search_term_string\"}}],\"inLanguage\":\"pt-BR\"},{\"@type\":\"Organization\",\"@id\":\"https:\/\/noronhaadv.com.br\/site\/#organization\",\"name\":\"Noronha e Nogueira Advogados\",\"url\":\"https:\/\/noronhaadv.com.br\/site\/\",\"logo\":{\"@type\":\"ImageObject\",\"inLanguage\":\"pt-BR\",\"@id\":\"https:\/\/noronhaadv.com.br\/site\/#\/schema\/logo\/image\/\",\"url\":\"https:\/\/noronhaadv.com.br\/site\/wp-content\/uploads\/2025\/02\/noronha-nogueira-advocacia-empresarial-trabalhista-logo.webp\",\"contentUrl\":\"https:\/\/noronhaadv.com.br\/site\/wp-content\/uploads\/2025\/02\/noronha-nogueira-advocacia-empresarial-trabalhista-logo.webp\",\"width\":640,\"height\":300,\"caption\":\"Noronha e Nogueira Advogados\"},\"image\":{\"@id\":\"https:\/\/noronhaadv.com.br\/site\/#\/schema\/logo\/image\/\"}}]}<\/script>\n<!-- \/ Yoast SEO plugin. -->","yoast_head_json":{"title":"Blog - Noronha e Nogueira Advogados","robots":{"index":"index","follow":"follow","max-snippet":"max-snippet:-1","max-image-preview":"max-image-preview:large","max-video-preview":"max-video-preview:-1"},"canonical":"https:\/\/noronhaadv.com.br\/site\/blog\/","og_locale":"pt_BR","og_type":"article","og_title":"Blog - Noronha e Nogueira Advogados","og_description":"Blog Buscar Palavras-chave mais usadas Categorias Total Results N\u00e3o encontrado Ver resultados 11 fev, 2025 Impacto das reclama\u00e7\u00f5es constitucionais trabalhistas perante o STF\u00a0\u00a0 7 fev, 2025 Tristeza p\u00f3s-f\u00e9rias: como lidar com a ansiedade e recuperar a motiva\u00e7\u00e3o no trabalho 4 fev, 2025 Voc\u00ea sabia que a sua empresa pode alterar o dia do feriado?","og_url":"https:\/\/noronhaadv.com.br\/site\/blog\/","og_site_name":"Noronha e Nogueira Advogados","article_modified_time":"2025-02-20T13:27:07+00:00","og_image":[{"url":"https:\/\/noronhaadv.com.br\/site\/wp-content\/uploads\/2025\/02\/reclamacao-constitucional-trabalhista.avif","type":"","width":"","height":""}],"twitter_card":"summary_large_image","twitter_misc":{"Est. tempo de leitura":"3 minutos"},"schema":{"@context":"https:\/\/schema.org","@graph":[{"@type":"WebPage","@id":"https:\/\/noronhaadv.com.br\/site\/blog\/","url":"https:\/\/noronhaadv.com.br\/site\/blog\/","name":"Blog - Noronha e Nogueira Advogados","isPartOf":{"@id":"https:\/\/noronhaadv.com.br\/site\/#website"},"primaryImageOfPage":{"@id":"https:\/\/noronhaadv.com.br\/site\/blog\/#primaryimage"},"image":{"@id":"https:\/\/noronhaadv.com.br\/site\/blog\/#primaryimage"},"thumbnailUrl":"https:\/\/noronhaadv.com.br\/site\/wp-content\/uploads\/2025\/02\/reclamacao-constitucional-trabalhista.avif","datePublished":"2025-02-14T21:04:14+00:00","dateModified":"2025-02-20T13:27:07+00:00","breadcrumb":{"@id":"https:\/\/noronhaadv.com.br\/site\/blog\/#breadcrumb"},"inLanguage":"pt-BR","potentialAction":[{"@type":"ReadAction","target":["https:\/\/noronhaadv.com.br\/site\/blog\/"]}]},{"@type":"ImageObject","inLanguage":"pt-BR","@id":"https:\/\/noronhaadv.com.br\/site\/blog\/#primaryimage","url":"https:\/\/noronhaadv.com.br\/site\/wp-content\/uploads\/2025\/02\/reclamacao-constitucional-trabalhista.avif","contentUrl":"https:\/\/noronhaadv.com.br\/site\/wp-content\/uploads\/2025\/02\/reclamacao-constitucional-trabalhista.avif","width":740,"height":493,"caption":"reclama\u00e7\u00e3o constitucional, reclama\u00e7\u00e3o constitucional trabalhista, assessoria jur\u00eddica trabalhista, Noronha e Nogueira Advogado Trabalhista Empresarial"},{"@type":"BreadcrumbList","@id":"https:\/\/noronhaadv.com.br\/site\/blog\/#breadcrumb","itemListElement":[{"@type":"ListItem","position":1,"name":"Home","item":"https:\/\/noronhaadv.com.br\/site\/"},{"@type":"ListItem","position":2,"name":"Blog"}]},{"@type":"WebSite","@id":"https:\/\/noronhaadv.com.br\/site\/#website","url":"https:\/\/noronhaadv.com.br\/site\/","name":"Noronha e Nogueira Advogados","description":"Advocacia Empresarial Trabalhista","publisher":{"@id":"https:\/\/noronhaadv.com.br\/site\/#organization"},"potentialAction":[{"@type":"SearchAction","target":{"@type":"EntryPoint","urlTemplate":"https:\/\/noronhaadv.com.br\/site\/?s={search_term_string}"},"query-input":{"@type":"PropertyValueSpecification","valueRequired":true,"valueName":"search_term_string"}}],"inLanguage":"pt-BR"},{"@type":"Organization","@id":"https:\/\/noronhaadv.com.br\/site\/#organization","name":"Noronha e Nogueira Advogados","url":"https:\/\/noronhaadv.com.br\/site\/","logo":{"@type":"ImageObject","inLanguage":"pt-BR","@id":"https:\/\/noronhaadv.com.br\/site\/#\/schema\/logo\/image\/","url":"https:\/\/noronhaadv.com.br\/site\/wp-content\/uploads\/2025\/02\/noronha-nogueira-advocacia-empresarial-trabalhista-logo.webp","contentUrl":"https:\/\/noronhaadv.com.br\/site\/wp-content\/uploads\/2025\/02\/noronha-nogueira-advocacia-empresarial-trabalhista-logo.webp","width":640,"height":300,"caption":"Noronha e Nogueira Advogados"},"image":{"@id":"https:\/\/noronhaadv.com.br\/site\/#\/schema\/logo\/image\/"}}]}},"_links":{"self":[{"href":"https:\/\/noronhaadv.com.br\/site\/wp-json\/wp\/v2\/pages\/2892","targetHints":{"allow":["GET"]}}],"collection":[{"href":"https:\/\/noronhaadv.com.br\/site\/wp-json\/wp\/v2\/pages"}],"about":[{"href":"https:\/\/noronhaadv.com.br\/site\/wp-json\/wp\/v2\/types\/page"}],"author":[{"embeddable":true,"href":"https:\/\/noronhaadv.com.br\/site\/wp-json\/wp\/v2\/users\/1"}],"replies":[{"embeddable":true,"href":"https:\/\/noronhaadv.com.br\/site\/wp-json\/wp\/v2\/comments?post=2892"}],"version-history":[{"count":19,"href":"https:\/\/noronhaadv.com.br\/site\/wp-json\/wp\/v2\/pages\/2892\/revisions"}],"predecessor-version":[{"id":3135,"href":"https:\/\/noronhaadv.com.br\/site\/wp-json\/wp\/v2\/pages\/2892\/revisions\/3135"}],"wp:attachment":[{"href":"https:\/\/noronhaadv.com.br\/site\/wp-json\/wp\/v2\/media?parent=2892"}],"curies":[{"name":"wp","href":"https:\/\/api.w.org\/{rel}","templated":true}]}}